) be the first derivative of -w**2 + 2*w + 26. What is p(o)?
-8
Let z(g) = -2*g**3 - 21*g**2 - 2*g - 5. Let r be z(-11). Suppose -r = 11*f + 12*f. Let x(y) = -y - 14. What is x(f)?
-8
Let x(q) = 30*q**3 + 8*q**2 + 11*q. Let z be x(-1). Let o(m) = -m**2 - 37*m - 139. Calculate o(z).
-7
Let u be (-836)/(-76) + -4 + 2 + -1. Let g(c) = c**2 - 5*c - 10. Determine g(u).
14
Suppose -2*q - k = 2, 2*q + 4*k = -4 - 10. Let h(a) = -6*a**2 + 11. Let b(r) = 2. Let c(w) = 6*b(w) - h(w). Give c(q).
7
Let t(h) = 155*h**2 + 168*h + 4. Let s be t(-1). Let g(o) = 6*o + 48. Calculate g(s).
-6
Suppose 65*b - 59*b - 132 = 0. Let p be (b - (0 + 4))*(-13)/39. Let s(g) = -2*g - 2. Determine s(p).
10
Let c(k) = -7*k**3 - 10*k**2 - 7*k - 12. Let s(p) = 8*p**3 + 11*p**2 + 7*p + 13. Let n(r) = 7*c(r) + 6*s(r). Suppose -234 = 7419*v - 7341*v. Calculate n(v).
6
Let s(t) = 11 - 18*t**2 - 13*t**2 - 2*t + 3*t**2. Let k(y) = -13*y**2 - y + 5. Let c(m) = -13*k(m) + 6*s(m). Let i(q) = -q - 8. Let a be i(-6). What is c(a)?
3
Let q(z) = -z**3 - z**2 - 4*z - 21. Let n(l) = l - 1. Let r(j) = -2*j + 1. Let b(f) = -n(f) - r(f). Let m(h) = -5*b(h) - q(h). Give m(0).
21
Let o = -33606 - -33583. Let h(x) = -3*x - 44. Calculate h(o).
25
Let r = 10823 + -10818. Let s(g) = g**3 - 5*g**2 + 8*g - 6. Calculate s(r).
34
Let a(s) = -7*s - 9. Let l(f) = -22*f - 28. Let j(h) = -10*a(h) + 3*l(h). Let c(i) = 2*i + 3. Let k(t) = -5*c(t) + 3*j(t). Let d = 72 - 67. Calculate k(d).
13
Let i(o) = 2*o**2 - 2*o. Suppose -30 = -5*a + 5*s, 4*s = -0*a - a + 26. Let v = -5 + a. Let q(b) = 3*b**2 - 3*b. Let l(m) = v*q(m) - 8*i(m). What is l(-2)?
-6
Let h be (28/(-12) - -2)*-9. Suppose o + 7 = h*w, 3*w - o = -2*w + 11. Let z(s) = -5*s**2 - 8*s + 3*s - 2 - s**w + 7*s**2. What is z(5)?
-2
Let m(i) be the first derivative of i**3/3 - 5*i**2/2 + 7*i + 2436. Determine m(4).
3
Let i(l) = -2*l + 2*l**3 + 5*l - 54*l + 35 - 59*l - 11 + 25*l**2. Determine i(-16).
-8
Suppose 0 = 9*r - 7*r - 12. Let f(w) = 9 - 1 - 10*w**3 + 6*w**2 + 21*w**3 - 12*w**3. Give f(r).
8
Let f = -4 - -4. Let o(g) be the third derivative of 1/24*g**4 - 2 + 0*g + 2*g**2 - 7/2*g**3. Determine o(f).
-21
Let y(h) = -h**3 + 6*h**2 + 13*h + 27. Let i(f) = f**3 - 13*f**2 + 3*f - 31. Let t be i(13). Let k be y(t). Let p(l) = l + 4 + 0 - 6. Give p(k).
1
Let q(b) = -b**3 + b**2 - b. Let k(y) = -7*y**3 + 13*y**2 - 3*y - 12. Let t(o) = k(o) - 6*q(o). Determine t(7).
9
Let q(t) = 3*t**2 - 25*t - 6. Let u = -16331 + 16340. Calculate q(u).
12
Suppose 0 = 4*x + 47 - 3. Let n(j) = -4*j**2 + 33*j - 46. Let h(f) = -f**2 + 11*f - 15. Let a(w) = -7*h(w) + 2*n(w). Determine a(x).
13
Let c(q) = 1 + 114*q + 120*q + 32 - 233*q. Suppose 3*w + 42 + 7 = -5*p, -3*p = -w - 21. Determine c(w).
15
Let i(f) = f**2 - 9*f - 9. Let q be i(10). Let p(r) = 66*r - 1 - 146*r + 73*r. Give p(q).
-8
Let v(t) = -5*t + 7*t + 15*t + 11*t - 121. Determine v(4).
-9
Suppose -120*p + 117*p = -9. Suppose -4*v = l + 21, 4*v = -0*l + p*l - 1. Let u(s) = -2*s - 7. Determine u(l).
3
Let u(i) be the second derivative of -i**3/3 + 9*i**2/2 + i. Let k be 7 - 2 - (-8 - -56). Let a = k + 52. Give u(a).
-9
Let h be (-1)/((5 + -4)/(-33)) - 5. Suppose -h*p - 25 = -3*p. Let c(u) = -13*u**3 - u**2 - u. What is c(p)?
13
Let d(c) be the third derivative of -c**6/720 + c**5/60 - 41*c**4/8 + 71*c**2 - 2*c. Let j(v) be the second derivative of d(v). Calculate j(-5).
7
Let k(g) be the third derivative of g**6/120 + g**5/6 + 3*g**4/8 - 5*g**3/6 + g**2 - 81. Calculate k(-8).
51
Suppose 15 = 2*i + i. Let f(c) = 47*c**2 - 17*c + 26. Let j(p) = 28*p**2 - 9*p + 16. Let z(a) = -3*f(a) + 5*j(a). Calculate z(i).
7
Suppose 4*g - 2*v = 20, -51 = -5*g - 7*v + 3*v. Suppose g*a - 28 = -7. Let z(x) = -4*x + 4. Determine z(a).
-8
Let r(o) = -o**2 - 20*o - 1. Let m be 212*(-6)/60 - 24/(-20). What is r(m)?
-1
Let r(y) = -y + 5. Let w(l) = l - 5. Let p(n) = -3*r(n) - 2*w(n). Suppose o + 22 = 28. Give p(o).
1
Let k(a) = -22*a**2. Let f be (3 - -7) + -5 + 0/(-1). Let l be 4 - 27/f - (-2)/5. What is k(l)?
-22
Let y(u) = 2*u + 18. Let w = -6803 - -6791. Calculate y(w).
-6
Let c(i) = -5*i + 6*i + 12 - 6. Let v(u) = 2*u + 5. Let q(d) = 4*c(d) - 3*v(d). Calculate q(6).
-3
Suppose -4*m - m + 20 = 0. Suppose 4 = 3*s + 2*t - 3*t, -t = 4*s + m. Let x(l) = 15*l - 5. Let v(j) = -4*j. Let a(b) = 4*v(b) + x(b). Calculate a(s).
-5
Let h(p) = -3*p - 2. Let y be 60/8*(2 + 1036/10). Suppose y*t - 790*t = -8. Give h(t).
10
Let g = -859 + 864. Let v be g*-44*5/(-100). Let l(s) = -s + 8. Give l(v).
-3
Let z(l) = -l**2 + 5. Suppose 12*q = 11*q + 1. Let u(s) = 2*s - 6. Let w be u(q). Calculate z(w).
-11
Let m = -22312 + 22300. Let w(y) = -6*y - 64. What is w(m)?
8
Let l(u) = u**2 + 7*u + 1. Let w(y) = y**3 - y - 1. Let t be 8*9/108*-3. Let m be w(t). Calculate l(m).
1
Let m = -5577 + 5579. Let t(v) be the third derivative of -1/120*v**6 + 1/60*v**5 - 8*v**m - 23/6*v**3 + 0*v + 0 + 0*v**4. Calculate t(0).
-23
Let y(i) = i**3 + 3*i - 2. Suppose m + 7 = -2*t, m - 72*t + 67*t = 28. Suppose 5*b = -m*s + 8*b + 9, 2*b = 3*s - 8. Give y(s).
12
Let k(b) be the first derivative of b**7/840 + b**6/180 + b**5/24 + 5*b**4/24 - 241*b**3/3 + 3. Let l(g) be the third derivative of k(g). Give l(-4).
-47
Let g(z) be the third derivative of -1/12*z**4 + 0 + 1/60*z**6 + 1/30*z**5 + 13*z + 0*z**3 - z**2. Determine g(-3).
-30
Let b(j) = -6*j - 4. Suppose -10*u - 22 + 2 = 0. Let i be u/(-4) + 18/(-4). Determine b(i).
20
Suppose -5 = 4*w - 5. Suppose p + 6 - 5 = w. Let b be (-45)/(-3)*(-1)/((-3)/p). Let d(a) = a**2 + 3*a - 2. Give d(b).
8
Suppose -2*z = -3*z + 3*p - 7, 2*p - 10 = -2*z. Let q(f) = -2*f**3 - 16*f**2 + 29*f**2 - 14*f**z + f. Calculate q(1).
-2
Let i(p) = -p**3 + 19*p**2 + 18*p - 5. Let b be (-507)/(-65) + -8 + 101/5. Give i(b).
-45
Let n(d) = 47*d + 48*d**2 - d**3 + 23 - 35*d**2 + 0*d**3 - 63*d. Calculate n(12).
-25
Let c(x) = -4*x**3 - x**2 + 8*x - 13. Let b(r) = 448*r + 1794. Let v be b(-4). Calculate c(v).
-33
Suppose -37 = -5*q + 2*p - 5*p, -2*p = -2*q + 18. Let h be (-32)/(-24) - q/6. Let t(k) = -k**2 + k + 3. Determine t(h).
3
Suppose 0 = -4*b + 2 + 30. Let u(n) = n**2 + 3*n + 6. Let v be u(-3). Let d(t) = -9*t + 2 + 22 - 7 + t**2 - v. Calculate d(b).
3
Let h(c) = 2*c**3 + 3*c**2 + 7*c + 6. Let o = 11718 - 11720. Give h(o).
-12
Let l(j) = -j**3 - 4*j**2 - j - 3. Let o = -430 + 443. Let g be 2*o/((-65)/10). Give l(g).
1
Suppose -2 = -94*j + 187*j - 94*j. Let m(c) be the second derivative of -1/2*c**j - 13*c + 0*c**3 + 0 + 1/2*c**4. Calculate m(-1).
5
Let a = -42 + 42. Suppose a = 2*m + 5*y - 132, 2*m = -y + 110 + 6. Let u = -48 + m. Let i(r) = r**2 - 8*r - 7. Determine i(u).
-7
Let x(p) = p**2 + 2*p**2 - 17*p - 3506972 - p**3 + 3507021 + 0*p**2. Give x(3).
-2
Let a(m) = -6*m**2 + 2*m + 3. Let c be a(0). Let x(d) = -18 - 4*d + d**3 - 5*d**3 + 18*d + 9*d**2 + 3*d**c + 6. Determine x(10).
28
Let w = 8 - 5. Let y = -471 + 473. Let j(o) = -677*o**y - o + 674*o**2 + 4 + 3*o. Calculate j(w).
-17
Let v(u) = 8*u**2 - 35*u + 4. Let z(d) = -6*d**2 + 31*d - 3. Let a(x) = -2*v(x) - 3*z(x). Calculate a(12).
13
Let u(r) = 59*r + 59. Let f(k) = -32*k - 1. Let s(x) = 2*f(x) + u(x). Give s(18).
-33
Let u(q) be the second derivative of -q**3/6 - 2*q + 6. Let t(r) = r**2 - 5*r - 1. Let x be ((-3)/9)/(3/9). Let z(c) = x*t(c) + 5*u(c). Determine z(0).
1
Let z(h) = 2*h - 8. Let x(a) = -6*a + 21. Let k(j) = 2*j - 7. Let q(n) = -8*k(n) - 3*x(n). Let d(v) = 7*q(v) - 6*z(v). Let p = -21910 + 21914. Determine d(p).
7
Let g = -8159 + 8161. Let o(x) be the third derivative of 0 - 18*x**g - 1/120*x**6 + 0*x**3 + 1/24*x**4 + 0*x + 1/60*x**5. Calculate o(-1).
1
Suppose -2265 = -23*k + 725. Let o = k - 119. Let r(t) = -t**3 + 10*t**2 + 13*t - 26. What is r(o)?
-4
Let p(j) = -j**3 - 8*j**2 - j - 9. Let o = 252 + -141. Let n = o - 119. Give p(n).
-1
Suppose 720 = -3*n - 7*n. Let q be ((-27)/(-6))/((-54)/n). Let o(p) = -p**2 + 5*p + 4. Give o(q).
-2
Let o be ((-1)/(-1))/((-1)/(-2)). Suppose -o*c = -4*c + 2. Let x(v) = -2 + 70*v - 67*v + 0 + 1. Calculate x(c).
2
Let g(n) = -5*n**3 - 19*n**2 + 41*n - 49. Let t(d) = d**3 + 4*d**2 - 8*d + 10. Let x(k) = 2*g(k) + 11*t(k). Suppose 770 = 28*h - 138*h. Determine x(h).
5
Let u(v) be the third derivative of -v**9/15120 + v**6/720 + 16*v**5/15 + 58*v**2. Let